3?
False
Is 3113635260 a multiple of 6374?
True
Does 228 divide 21564964?
False
Is 6042512162 a multiple of 10797?
False
Is 7 a factor of 244050355?
False
Does 21 divide 287225505?
True
Is 167981551 a multiple of 18?
False
Does 15 divide 71131155?
True
Is 37935620 a multiple of 20?
True
Is 430 a factor of 7416210?
True
Is 111556584 a multiple of 1693?
False
Is 2 a factor of 18157719?
False
Does 6 divide 51999812?
False
Is 15 a factor of 1720457430?
True
Does 669 divide 17641530?
True
Is 31160154 a multiple of 94?
True
Is 305021369 a multiple of 39?
False
Is 2574456 a multiple of 16?
False
Does 3102 divide 215792299?
False
Does 2 divide 112567503?
False
Is 27250745 a multiple of 23?
True
Does 28 divide 19844496?
True
Does 43 divide 117201583?
False
Is 30 a factor of 107817810?
True
Is 18 a factor of 484130286?
True
Is 306857672 a multiple of 44?
True
Is 87978636 a multiple of 81?
True
Is 52293708 a multiple of 12?
True
Is 2667 a factor of 1403247001?
False
Is 141498016 a multiple of 152?
True
Does 433 divide 347318605?
False
Is 3 a factor of 229585922?
False
Does 4112 divide 902139705?
False
Is 306221302 a multiple of 2714?
False
Is 3101437186 a multiple of 7?
False
Is 230 a factor of 1532616730?
True
Does 4 divide 195912481?
False
Is 8 a factor of 9684856?
True
Is 5812636838 a multiple of 4318?
True
Does 102 divide 1543775687?
False
Does 16 divide 180900536?
False
Does 19 divide 2071915990?
True
Is 265520012 a multiple of 61?
False
Does 819 divide 71322945?
False
Is 151965687 a multiple of 855?
False
Does 30 divide 65329560?
True
Does 149 divide 44197423?
True
Does 37 divide 26022536?
False
Is 667 a factor of 3058222347?
True
Is 512385420 a multiple of 445?
False
Does 29 divide 151719?
False
Is 472 a factor of 811698378?
False
Is 8 a factor of 35060592?
True
Is 127 a factor of 54302533?
True
Is 112 a factor of 16352?
True
Does 226 divide 1844612?
True
Is 48920820 a multiple of 780?
True
Is 1399 a factor of 1689634881?
False
Does 44 divide 542191?
False
Is 858 a factor of 1702437204?
False
Does 9865 divide 72532585?
False
Is 534253506 a multiple of 561?
False
Does 92 divide 145086918?
False
Is 82 a factor of 1111920?
True
Does 5 divide 9763590?
True
Is 213681741 a multiple of 373?
False
Does 307 divide 285978869?
False
Is 46705347 a multiple of 9?
True
Is 9203 a factor of 1068655369?
False
Is 14 a factor of 699893352?
False
Is 281758385 a multiple of 73?
False
Is 55224942 a multiple of 629?
True
Is 77009618 a multiple of 36?
False
Is 196453200 a multiple of 1860?
True
Is 1418358529 a multiple of 8?
False
Is 88 a factor of 25971654?
False
Does 9 divide 4196983165?
False
Is 1699 a factor of 11380872?
False
Is 456 a factor of 156077400?
True
Is 576016980 a multiple of 154?
True
Is 322917294 a multiple of 5838?
True
Is 7765 a factor of 1081004475?
True
Does 13 divide 1964606866?
False
Is 9 a factor of 1660140207?
True
Does 68 divide 5596332?
True
Is 1020903873 a multiple of 550?
False
Does 33 divide 7466711?
False
Does 22 divide 2021631523?
False
Is 13 a factor of 1675430693?
False
Is 467 a factor of 265709457?
True
Is 131 a factor of 19373722?
False
Is 518803200 a multiple of 15?
True
Is 261621999 a multiple of 9?
True
Does 14 divide 141322898?
False
Is 61 a factor of 85124524?
True
Does 8360 divide 3902063440?
True
Does 17 divide 117381617?
True
Is 70211817 a multiple of 13?
True
Is 3451430 a multiple of 5?
True
Is 9292 a factor of 1385111980?
True
Is 524223452 a multiple of 92?
True
Is 1424047036 a multiple of 1942?
False
Is 905 a factor of 234981812?
False
Does 23 divide 11535167?
True
Is 3496550 a multiple of 5?
True
Is 287078195 a multiple of 565?
True
Does 95 divide 27654545?
False
Is 13 a factor of 524032639?
True
Does 1164 divide 297977436?
False
Is 82 a factor of 47748642?
False
Is 21649127 a multiple of 44?
False
Does 13 divide 39494596?
False
Is 8 a factor of 23803885?
False
Is 895 a factor of 1994295878?
False
Is 305 a factor of 89137165?
True
Is 218 a factor of 172424266?
True
Is 7360 a factor of 2448829684?
False
Is 14 a factor of 188555094?
True
Is 16 a factor of 233551902?
False
Is 33074301 a multiple of 111?
False
Is 50068832 a multiple of 484?
True
Is 5787264 a multiple of 42?
True
Does 246 divide 15686682?
True
Is 23200518 a multiple of 3?
True
Is 31153150 a multiple of 14?
True
Does 199 divide 23733337?
True
Does 1973 divide 995888235?
False
Is 2386951 a multiple of 504?
False
Does 4 divide 11449761?
False
Does 507 divide 561082390?
False
Is 9859 a factor of 810390082?
True
Is 702966143 a multiple of 278?
False
Does 360 divide 11823120?
True
Is 31944492 a multiple of 859?
True
Does 1623 divide 72392292?
True
Does 328 divide 1744127208?
True
Is 120 a factor of 443486266?
False
Is 3572618310 a multiple of 202?
False
Is 555 a factor of 88392095?
False
Does 93 divide 1549209?
False
Does 31 divide 25556741?
True
Is 3023 a factor of 9688715?
True
Is 10 a factor of 5914813?
False
Is 178847581 a multiple of 36?
False
Does 13 divide 31521702?
False
Is 1475638164 a multiple of 44?
True
Does 2422 divide 21801174?
False
Does 67 divide 8908603256?
False
Does 301 divide 100553502?
False
Is 6674 a factor of 607067040?
True
Is 872 a factor of 46463368?
False
Does 27 divide 598515684?
False
Is 512 a factor of 24028160?
True
Is 28 a factor of 905303196?
True
Is 3965 a factor of 172112359?
False
Does 90 divide 15709064?
False
Does 1013 divide 544613695?
False
Does 3 divide 3583545?
True
Is 204 a factor of 45167327?
False
Is 21843250 a multiple of 11?
True
Does 11 divide 1910414354?
False
Does 552 divide 1370815033?
False
Is 14366205 a multiple of 41?
False
Does 218 divide 5952713?
False
Does 2645 divide 1084491364?
False
Does 4390 divide 1226337720?
True
Is 4 a factor of 32002759?
False
Does 177 divide 729323013?
True
Does 990 divide 27361458?
False
Is 5423 a factor of 874727386?
False
Is 643591 a multiple of 1029?
False
Does 26 divide 21777834?
True
Is 169400511 a multiple of 63?
True
Does 131 divide 117082167?
True
Does 3619 divide 1687738745?
True
Is 3072236905 a multiple of 5016?
False
Is 3233 a factor of 973516452?
False
Is 396 a factor of 11054340?
True
Is 34 a factor of 752524025?
False
Does 1114 divide 126533846?
False
Is 23839123 a multiple of 1015?
False
Does 677 divide 55655493?
True
Does 8 divide 524103797?
False
Does 76 divide 53233241?
False
Is 2049 a factor of 1352737506?
True
Is 571 a factor of 1082522927?
True
Is 18256986 a multiple of 233?
False
Is 77 a factor of 31654166?
False
Does 480 divide 27950777?
False
Is 375 a factor of 46848176?
False
Is 113353953 a multiple of 24?
False
Does 699 divide 54478367?
False
Is 3087 a factor of 761675788?
False
Is 1725636350 a multiple of 50?
True
Does 13 divide 61449746?
False
Does 115 divide 11563544?
False
Does 21 divide 72268583?
False
Is 8894004 a multiple of 1356?
True
Does 16 divide 399945520?
True
Does 137 divide 986249300?
True
Is 5630205 a multiple of 607?
False
Is 6698456414 a multiple of 242?
False
Does 6 divide 109135098?
True
Is 1125 a factor of 355605034?
False
Is 1330 a factor of 208709859?
False
Is 1210 a factor of 1426240310?
True
Is 1965 a factor of 41274825?
True
Does 6 divide 167440493?
False
Is 219208736 a multiple of 32?
True
Is 178100038 a multiple of 5?
False
Is 30968301 a multiple of 931?
False
Is 3225437969 a multiple of 7649?
True
Is 22481155 a multiple of 97?
False
Does 525 divide 12927600?
True
Does 24 divide 5577445481?
False
Is 17928740 a multiple of 1657?
True
Does 12 divide 114290133?
False
Is 75 a factor of 461604825?
True
Does 558 divide 26911224?
True
Does 64 divide 420255587?
False
Is 88813193 a multiple of 26?
False
Does 21 divide 4158752815?
False
Is 193195157 a multiple of 41?
True
Is 731 a factor of 445319352?
True
Does 172 divide 13056588?
False
Does 15 divide 30647779?
False
Is 181 a factor of 1166933427?
False
Is 42 a factor of 11476516?
False
Is 30498539 a multiple of 283?
False
Is 46874726 a multiple of 586?
True
Is 11 a factor of 25592343?
False
Does 16 divide 60880026?
False
Does 30 divide 36991340?
False
Is 75 a factor of 3336375?
True
Is 762 a factor of 47210593?
False
Is 3234553262 a multiple of 10064?
False
Is 16 a factor of 110158992?
True
Does 66 divide 1197694872?
True
Is 320877200 a multiple of 70?
True
Is 142 a factor of 12954723